{"id":4547,"date":"2021-03-19T19:31:22","date_gmt":"2021-03-19T22:31:22","guid":{"rendered":"https:\/\/ifdc6m-juj.infd.edu.ar\/sitio\/?page_id=4547"},"modified":"2021-03-26T01:03:43","modified_gmt":"2021-03-26T04:03:43","slug":"listado-de-ingresantes-2021","status":"publish","type":"page","link":"https:\/\/ifdc6m-juj.infd.edu.ar\/sitio\/listado-de-ingresantes-2021\/","title":{"rendered":"LISTADO DE INGRESANTES 2021"},"content":{"rendered":"<h2 style=\"text-align: center;\"><span style=\"color: #ff0000;\">PROFESORADO DE EDUCACI\u00d3N INICIAL<\/span><\/h2>\n<p style=\"text-align: center;\"><iframe loading=\"lazy\" src=\"https:\/\/docs.google.com\/viewer?srcid=1KEntdvGkgvouubscUkyA9iwsDdUe23qE&amp;pid=explorer&amp;efh=false&amp;a=v&amp;chrome=false&amp;embedded=true\" width=\"100%\" height=\"340px\" data-mce-fragment=\"1\"><\/iframe><\/p>\n<hr \/>\n<hr \/>\n<h2 style=\"text-align: center;\"><span style=\"color: #ff0000;\">PROFESORADO DE INFORM\u00c1TICA<\/span><\/h2>\n<p style=\"text-align: center;\"><iframe loading=\"lazy\" src=\"https:\/\/docs.google.com\/viewer?srcid=10RTAdfeuy0zKBukdhjee8NvsQ1Wl_RB3&amp;pid=explorer&amp;efh=false&amp;a=v&amp;chrome=false&amp;embedded=true\" width=\"100%\" height=\"340px\" data-mce-fragment=\"1\"><\/iframe><\/p>\n<hr \/>\n<hr \/>\n<p>&nbsp;<\/p>\n<h2 style=\"text-align: center;\"><span style=\"color: #ff0000;\">TEC. SUPERIOR EN ADMINISTRACI\u00d3N DE SERVICIOS GASTR\u00d3NOMICOS<\/span><\/h2>\n<p style=\"text-align: center;\"><iframe loading=\"lazy\" src=\"https:\/\/docs.google.com\/viewer?srcid=1oCDgCsjUBI5TjGJ-vcSYKmwCvElPS87S&amp;pid=explorer&amp;efh=false&amp;a=v&amp;chrome=false&amp;embedded=true\" width=\"100%\" height=\"340px\" data-mce-fragment=\"1\"><\/iframe><\/p>\n<hr \/>\n<hr \/>\n<h2 style=\"text-align: center;\"><span style=\"color: #ff0000;\">PROF. DE EDUCACI\u00d3N SECUNDARIA EN CIENCIAS DE LA ADMINISTRACI\u00d3N<\/span><\/h2>\n<p style=\"text-align: center;\"><iframe loading=\"lazy\" src=\"https:\/\/docs.google.com\/viewer?srcid=1_t_HcPUA-RbNPNlPT_lzp8GFWMeMf6Tt&amp;pid=explorer&amp;efh=false&amp;a=v&amp;chrome=false&amp;embedded=true\" width=\"100%\" height=\"340px\" data-mce-fragment=\"1\"><\/iframe><\/p>\n<hr \/>\n<hr \/>\n<h2 style=\"text-align: center;\"><span style=\"color: #ff0000;\">PROF. EN TECNOLOGIAS DE LA INFORMACI\u00d3N<br \/>\nY LA COMUNICACI\u00d3N (TIC)<\/span><\/h2>\n<p style=\"text-align: center;\"><iframe loading=\"lazy\" src=\"https:\/\/docs.google.com\/viewer?srcid=1AluxnCstQz74urK2mp7bckwDh9HvX2_w&amp;pid=explorer&amp;efh=false&amp;a=v&amp;chrome=false&amp;embedded=true\" width=\"100%\" height=\"340px\" data-mce-fragment=\"1\"><\/iframe><\/p>\n<hr \/>\n<hr \/>\n<h2 style=\"text-align: center;\"><span style=\"color: #ff0000;\">TEC. SUP. EN GESTI\u00d3N DE LA PRODUCCI\u00d3N AGROPECUARIA<br \/>\nCON ORIENTACI\u00d3N EN PRODUCCI\u00d3N ANIMAL<\/span><\/h2>\n<p style=\"text-align: center;\"><iframe loading=\"lazy\" src=\"https:\/\/docs.google.com\/viewer?srcid=1gG86nyq-CVKEuysPUhl8XjIwKtsqkGQA&amp;pid=explorer&amp;efh=false&amp;a=v&amp;chrome=false&amp;embedded=true\" width=\"100%\" height=\"340px\" data-mce-fragment=\"1\"><\/iframe><\/p>\n<hr \/>\n<hr \/>\n<h2 style=\"text-align: center;\"><span style=\"color: #ff0000;\">PROFESORADO DE MATEM\u00c1TICA<\/span><\/h2>\n<p style=\"text-align: center;\"><iframe loading=\"lazy\" src=\"https:\/\/docs.google.com\/viewer?srcid=1oHE0q83PqdZW8mz800XvBZxurAFHVzCE&amp;pid=explorer&amp;efh=false&amp;a=v&amp;chrome=false&amp;embedded=true\" width=\"100%\" height=\"340px\" data-mce-fragment=\"1\"><\/iframe><\/p>\n<hr \/>\n<hr \/>\n<h2 style=\"text-align: center;\"><span style=\"color: #ff0000;\">TEC. EN TURISMO<\/span><\/h2>\n<p style=\"text-align: center;\"><iframe loading=\"lazy\" src=\"https:\/\/docs.google.com\/viewer?srcid=11SkgoqqW_i8yBMtYDsmAc4VbFDqSrHgn&amp;pid=explorer&amp;efh=false&amp;a=v&amp;chrome=false&amp;embedded=true\" width=\"100%\" height=\"340px\" data-mce-fragment=\"1\"><\/iframe><\/p>\n<hr \/>\n<hr \/>\n<h2 style=\"text-align: center;\"><span style=\"color: #ff0000;\">PROF. DE INGL\u00c9S<\/span><\/h2>\n<p style=\"text-align: center;\"><iframe loading=\"lazy\" src=\"https:\/\/docs.google.com\/viewer?srcid=1cNvkSDr9Q9HJkt5wchDikpm7qDyxt0Yh&amp;pid=explorer&amp;efh=false&amp;a=v&amp;chrome=false&amp;embedded=true\" width=\"100%\" height=\"340px\" data-mce-fragment=\"1\"><\/iframe><\/p>\n<hr \/>\n<h2 style=\"text-align: center;\"><span style=\"color: #ff0000;\">TEC. SUP. EN GESTI\u00d3N DE LA PRODUCCI\u00d3N AGROPECUARIA<br \/>\nCON ORIENTACI\u00d3N EN MANEJO SUSTENTABLE &#8211; PERICO<\/span><\/h2>\n<p style=\"text-align: center;\"><iframe loading=\"lazy\" src=\"https:\/\/docs.google.com\/viewer?srcid=1wHYwV6PMSgzjgKARMP2GsPiB9XZg64BA&amp;pid=explorer&amp;efh=false&amp;a=v&amp;chrome=false&amp;embedded=true\" width=\"100%\" height=\"340px\" data-mce-fragment=\"1\"><\/iframe><\/p>\n<hr \/>\n<h2 style=\"text-align: center;\"><span style=\"color: #ff0000;\">TEC. EN GESTI\u00d3N Y DESARROLLO DE ENERG\u00cdAS RENOVABLES<\/span><\/h2>\n<p style=\"text-align: center;\"><iframe loading=\"lazy\" src=\"https:\/\/docs.google.com\/viewer?srcid=1pWZbh2JjSkCcknaoiqae4xhcXltL9XFm&amp;pid=explorer&amp;efh=false&amp;a=v&amp;chrome=false&amp;embedded=true\" width=\"100%\" height=\"340px\" data-mce-fragment=\"1\"><\/iframe><\/p>\n<p>&nbsp;<\/p>\n","protected":false},"excerpt":{"rendered":"<p>PROFESORADO DE EDUCACI\u00d3N INICIAL PROFESORADO DE INFORM\u00c1TICA &nbsp; TEC. SUPERIOR EN ADMINISTRACI\u00d3N DE SERVICIOS GASTR\u00d3NOMICOS PROF. DE EDUCACI\u00d3N SECUNDARIA EN CIENCIAS DE LA ADMINISTRACI\u00d3N PROF. EN TECNOLOGIAS DE LA INFORMACI\u00d3N Y LA COMUNICACI\u00d3N (TIC) TEC. SUP. EN GESTI\u00d3N DE LA PRODUCCI\u00d3N AGROPECUARIA CON ORIENTACI\u00d3N EN PRODUCCI\u00d3N ANIMAL PROFESORADO DE MATEM\u00c1TICA TEC. EN TURISMO PROF. DE &#8230; <a title=\"LISTADO DE INGRESANTES 2021\" class=\"read-more\" href=\"https:\/\/ifdc6m-juj.infd.edu.ar\/sitio\/listado-de-ingresantes-2021\/\" aria-label=\"More on LISTADO DE INGRESANTES 2021\">[+]<\/a><\/p>\n","protected":false},"author":2240,"featured_media":0,"parent":0,"menu_order":0,"comment_status":"closed","ping_status":"closed","template":"","meta":[],"acf":[],"_links":{"self":[{"href":"https:\/\/ifdc6m-juj.infd.edu.ar\/sitio\/wp-json\/wp\/v2\/pages\/4547"}],"collection":[{"href":"https:\/\/ifdc6m-juj.infd.edu.ar\/sitio\/wp-json\/wp\/v2\/pages"}],"about":[{"href":"https:\/\/ifdc6m-juj.infd.edu.ar\/sitio\/wp-json\/wp\/v2\/types\/page"}],"author":[{"embeddable":true,"href":"https:\/\/ifdc6m-juj.infd.edu.ar\/sitio\/wp-json\/wp\/v2\/users\/2240"}],"replies":[{"embeddable":true,"href":"https:\/\/ifdc6m-juj.infd.edu.ar\/sitio\/wp-json\/wp\/v2\/comments?post=4547"}],"version-history":[{"count":11,"href":"https:\/\/ifdc6m-juj.infd.edu.ar\/sitio\/wp-json\/wp\/v2\/pages\/4547\/revisions"}],"predecessor-version":[{"id":4593,"href":"https:\/\/ifdc6m-juj.infd.edu.ar\/sitio\/wp-json\/wp\/v2\/pages\/4547\/revisions\/4593"}],"wp:attachment":[{"href":"https:\/\/ifdc6m-juj.infd.edu.ar\/sitio\/wp-json\/wp\/v2\/media?parent=4547"}],"curies":[{"name":"wp","href":"https:\/\/api.w.org\/{rel}","templated":true}]}}