{"id":2530,"date":"2019-03-14T21:57:05","date_gmt":"2019-03-15T00:57:05","guid":{"rendered":"https:\/\/ifdc6m-juj.infd.edu.ar\/sitio\/?page_id=2530"},"modified":"2019-03-14T22:38:56","modified_gmt":"2019-03-15T01:38:56","slug":"secretaria-administrativa","status":"publish","type":"page","link":"https:\/\/ifdc6m-juj.infd.edu.ar\/sitio\/secretaria-administrativa\/","title":{"rendered":"SECRETAR\u00cdA ADMINISTRATIVA"},"content":{"rendered":"<p><img decoding=\"async\" loading=\"lazy\" class=\" wp-image-2557 aligncenter\" src=\"https:\/\/ifdc6m-juj.infd.edu.ar\/sitio\/wp-content\/uploads\/2019\/03\/secretaria.gif\" alt=\"\" width=\"242\" height=\"151\" \/><\/p>\n<p style=\"text-align: center;\"><strong>Lic. Ana Mar\u00eda Puig<\/strong><\/p>\n<p>&nbsp;<\/p>\n<ul>\n<li><a href=\"https:\/\/docs.google.com\/forms\/d\/e\/1FAIpQLScwSlsVetzHzKGaAT1hPkMrwTbdMaeNDgdkm26tKttrBJ3WEA\/viewform\"><span style=\"color: #ff0000;\"><strong>Contacto con Secretar\u00eda<\/strong><\/span><\/a><\/li>\n<\/ul>\n<p>&nbsp;<\/p>\n<ul>\n<li><a href=\"https:\/\/ifdc6m-juj.infd.edu.ar\/sitio\/secretaria-administrativa\/normativas-de-interes\/\"><strong><span style=\"color: #ff0000;\">Normativa de inter\u00e9s<\/span><\/strong><\/a><\/li>\n<\/ul>\n<p>&nbsp;<\/p>\n<ul>\n<li><a href=\"https:\/\/ifdc6m-juj.infd.edu.ar\/sitio\/secretaria-administrativa\/notificaciones-varias\/\"><strong><span style=\"color: #ff0000;\">Notificaciones varias<\/span><\/strong><\/a><\/li>\n<\/ul>\n<p>&nbsp;<\/p>\n<ul>\n<li><a href=\"https:\/\/ifdc6m-juj.infd.edu.ar\/sitio\/secretaria-administrativa\/listado-de-orden-de-merito\/\"><strong><span style=\"color: #ff0000;\">Listado de Orden de M\u00e9rito<\/span><\/strong><\/a><\/li>\n<\/ul>\n<p>&nbsp;<\/p>\n<ul>\n<li><a href=\"https:\/\/ifdc6m-juj.infd.edu.ar\/sitio\/secretaria-administrativa\/ofrecimiento-de-horas\/\"><strong><span style=\"color: #ff0000;\">Ofrecimiento de horas<\/span><\/strong><\/a><\/li>\n<\/ul>\n<p>&nbsp;<\/p>\n","protected":false},"excerpt":{"rendered":"<p>Lic. Ana Mar\u00eda Puig &nbsp; Contacto con Secretar\u00eda &nbsp; Normativa de inter\u00e9s &nbsp; Notificaciones varias &nbsp; Listado de Orden de M\u00e9rito &nbsp; Ofrecimiento de horas &nbsp;<\/p>\n","protected":false},"author":2075,"featured_media":0,"parent":0,"menu_order":0,"comment_status":"closed","ping_status":"closed","template":"","meta":[],"acf":[],"_links":{"self":[{"href":"https:\/\/ifdc6m-juj.infd.edu.ar\/sitio\/wp-json\/wp\/v2\/pages\/2530"}],"collection":[{"href":"https:\/\/ifdc6m-juj.infd.edu.ar\/sitio\/wp-json\/wp\/v2\/pages"}],"about":[{"href":"https:\/\/ifdc6m-juj.infd.edu.ar\/sitio\/wp-json\/wp\/v2\/types\/page"}],"author":[{"embeddable":true,"href":"https:\/\/ifdc6m-juj.infd.edu.ar\/sitio\/wp-json\/wp\/v2\/users\/2075"}],"replies":[{"embeddable":true,"href":"https:\/\/ifdc6m-juj.infd.edu.ar\/sitio\/wp-json\/wp\/v2\/comments?post=2530"}],"version-history":[{"count":8,"href":"https:\/\/ifdc6m-juj.infd.edu.ar\/sitio\/wp-json\/wp\/v2\/pages\/2530\/revisions"}],"predecessor-version":[{"id":2893,"href":"https:\/\/ifdc6m-juj.infd.edu.ar\/sitio\/wp-json\/wp\/v2\/pages\/2530\/revisions\/2893"}],"wp:attachment":[{"href":"https:\/\/ifdc6m-juj.infd.edu.ar\/sitio\/wp-json\/wp\/v2\/media?parent=2530"}],"curies":[{"name":"wp","href":"https:\/\/api.w.org\/{rel}","templated":true}]}}